{"id":3,"date":"2022-02-27T23:41:34","date_gmt":"2022-02-27T23:41:34","guid":{"rendered":"http:\/\/rezet.kozitiv.hu\/?page_id=3"},"modified":"2022-03-08T17:02:54","modified_gmt":"2022-03-08T16:02:54","slug":"adatkezelesi-tajekoztato","status":"publish","type":"page","link":"https:\/\/rezet.kozitiv.hu\/?page_id=3","title":{"rendered":"Adatkezel\u00e9si t\u00e1j\u00e9koztat\u00f3"},"content":{"rendered":"\n<p>Ezt az oldalt a Rez\u00e9ti Hal\u00e1sz Tanya megment\u00e9s\u00e9re ind\u00edtott gy\u0171jt\u00e9s sz\u00e1m\u00e1ra a kozitiv.hu domain tulajdonosa, Koz\u00e1k-Korbelek Tibor ingyenesen \u00fczemelteti.<\/p>\n\n\n\n<p>A weboldal c\u00edme: https:\/\/rezet.kozitiv.hu<\/p>\n\n\n\n<p>Az oldalt sz\u00e1nd\u00e9kosan igyekezt\u00fcnk a lehet\u0151 legegyszer\u0171bbre k\u00e9sz\u00edteni. Nincs lehet\u0151s\u00e9g regisztr\u00e1ci\u00f3ra, bejelentkez\u00e9sre, hozz\u00e1sz\u00f3l\u00e1sra, stb. Ennek megfelel\u0151en maga az oldal adatokat nem gy\u0171jt, s\u00fctikb\u0151l (cookie) csak a WordPress alap m\u0171k\u00f6d\u00e9s\u00e9hez sz\u00fcks\u00e9geseket haszn\u00e1ljuk, melyek nem kikapcsolhat\u00f3ak. Komolyabb s\u00fctik csak az oldal szerkeszt\u0151inek g\u00e9p\u00e9re ker\u00fclnek.<\/p>\n\n\n\n<p>Ha k\u00e9s\u0151bb esetleg gy\u0171jt\u00fcnk b\u00e1rmilyen adatot, azt csak a felhaszn\u00e1l\u00f3 egy\u00e9rtelm\u0171 \u00e9s akt\u00edv beleegyez\u00e9s\u00e9vel tessz\u00fck, harmadik szem\u00e9lynek csak t\u00f6rv\u00e9nyi k\u00f6telezetts\u00e9g alapj\u00e1n adjuk \u00e1t.<\/p>\n","protected":false},"excerpt":{"rendered":"<p>Ezt az oldalt a Rez\u00e9ti Hal\u00e1sz Tanya megment\u00e9s\u00e9re ind\u00edtott gy\u0171jt\u00e9s sz\u00e1m\u00e1ra a kozitiv.hu domain tulajdonosa, Koz\u00e1k-Korbelek Tibor ingyenesen \u00fczemelteti. A weboldal c\u00edme: https:\/\/rezet.kozitiv.hu Az oldalt sz\u00e1nd\u00e9kosan igyekezt\u00fcnk a lehet\u0151 legegyszer\u0171bbre k\u00e9sz\u00edteni. Nincs lehet\u0151s\u00e9g regisztr\u00e1ci\u00f3ra, bejelentkez\u00e9sre, hozz\u00e1sz\u00f3l\u00e1sra, stb. Ennek megfelel\u0151en maga az oldal adatokat nem gy\u0171jt, s\u00fctikb\u0151l (cookie) csak a WordPress alap m\u0171k\u00f6d\u00e9s\u00e9hez sz\u00fcks\u00e9geseket haszn\u00e1ljuk, melyek &#8230; <a title=\"Adatkezel\u00e9si t\u00e1j\u00e9koztat\u00f3\" class=\"read-more\" href=\"https:\/\/rezet.kozitiv.hu\/?page_id=3\" aria-label=\"Read more about Adatkezel\u00e9si t\u00e1j\u00e9koztat\u00f3\">Read more<\/a><\/p>\n","protected":false},"author":1,"featured_media":0,"parent":0,"menu_order":99,"comment_status":"closed","ping_status":"open","template":"","meta":{"footnotes":""},"class_list":["post-3","page","type-page","status-publish"],"_links":{"self":[{"href":"https:\/\/rezet.kozitiv.hu\/index.php?rest_route=\/wp\/v2\/pages\/3","targetHints":{"allow":["GET"]}}],"collection":[{"href":"https:\/\/rezet.kozitiv.hu\/index.php?rest_route=\/wp\/v2\/pages"}],"about":[{"href":"https:\/\/rezet.kozitiv.hu\/index.php?rest_route=\/wp\/v2\/types\/page"}],"author":[{"embeddable":true,"href":"https:\/\/rezet.kozitiv.hu\/index.php?rest_route=\/wp\/v2\/users\/1"}],"replies":[{"embeddable":true,"href":"https:\/\/rezet.kozitiv.hu\/index.php?rest_route=%2Fwp%2Fv2%2Fcomments&post=3"}],"version-history":[{"count":4,"href":"https:\/\/rezet.kozitiv.hu\/index.php?rest_route=\/wp\/v2\/pages\/3\/revisions"}],"predecessor-version":[{"id":136,"href":"https:\/\/rezet.kozitiv.hu\/index.php?rest_route=\/wp\/v2\/pages\/3\/revisions\/136"}],"wp:attachment":[{"href":"https:\/\/rezet.kozitiv.hu\/index.php?rest_route=%2Fwp%2Fv2%2Fmedia&parent=3"}],"curies":[{"name":"wp","href":"https:\/\/api.w.org\/{rel}","templated":true}]}}